{"id":1229,"date":"2024-02-28T17:20:12","date_gmt":"2024-02-28T20:20:12","guid":{"rendered":"https:\/\/forcaambiental.eco.br\/?page_id=1229"},"modified":"2025-10-01T14:44:49","modified_gmt":"2025-10-01T17:44:49","slug":"treinamento-e-capacitacao","status":"publish","type":"page","link":"https:\/\/forcaambiental.eco.br\/index.php\/treinamento-e-capacitacao\/","title":{"rendered":"Treinamento e Capacita\u00e7\u00e3o"},"content":{"rendered":"\t\t<div data-elementor-type=\"wp-page\" data-elementor-id=\"1229\" class=\"elementor elementor-1229\" data-elementor-post-type=\"page\">\n\t\t\t\t\t\t<section class=\"elementor-section elementor-top-section elementor-element elementor-element-9ee2c29 elementor-section-height-min-height elementor-section-boxed elementor-section-height-default elementor-section-items-middle wpr-particle-no wpr-jarallax-no wpr-parallax-no wpr-sticky-section-no wpr-column-slider-no wpr-equal-height-no\" data-id=\"9ee2c29\" data-element_type=\"section\" data-e-type=\"section\" data-settings=\"{&quot;background_background&quot;:&quot;classic&quot;}\">\n\t\t\t\t\t\t<div class=\"elementor-container elementor-column-gap-default\">\n\t\t\t\t\t<div class=\"elementor-column elementor-col-100 elementor-top-column elementor-element elementor-element-bef97a0\" data-id=\"bef97a0\" data-element_type=\"column\" data-e-type=\"column\">\n\t\t\t<div class=\"elementor-widget-wrap elementor-element-populated\">\n\t\t\t\t\t\t<div class=\"elementor-element elementor-element-2cfa461 elementor-widget elementor-widget-heading\" data-id=\"2cfa461\" data-element_type=\"widget\" data-e-type=\"widget\" data-widget_type=\"heading.default\">\n\t\t\t\t<div class=\"elementor-widget-container\">\n\t\t\t\t\t<h2 class=\"elementor-heading-title elementor-size-default\">Treinamento e Capacita\u00e7\u00e3o<\/h2>\t\t\t\t<\/div>\n\t\t\t\t<\/div>\n\t\t\t\t\t<\/div>\n\t\t<\/div>\n\t\t\t\t\t<\/div>\n\t\t<\/section>\n\t\t\t\t<section class=\"elementor-section elementor-top-section elementor-element elementor-element-4a1648a elementor-section-boxed elementor-section-height-default elementor-section-height-default wpr-particle-no wpr-jarallax-no wpr-parallax-no wpr-sticky-section-no wpr-column-slider-no wpr-equal-height-no\" data-id=\"4a1648a\" data-element_type=\"section\" data-e-type=\"section\">\n\t\t\t\t\t\t<div class=\"elementor-container elementor-column-gap-default\">\n\t\t\t\t\t<div class=\"elementor-column elementor-col-100 elementor-top-column elementor-element elementor-element-ca99a56 elementor-invisible\" data-id=\"ca99a56\" data-element_type=\"column\" data-e-type=\"column\" data-settings=\"{&quot;animation&quot;:&quot;slideInLeft&quot;}\">\n\t\t\t<div class=\"elementor-widget-wrap elementor-element-populated\">\n\t\t\t\t\t\t<div class=\"elementor-element elementor-element-ae87de5 elementor-widget elementor-widget-heading\" data-id=\"ae87de5\" data-element_type=\"widget\" data-e-type=\"widget\" data-widget_type=\"heading.default\">\n\t\t\t\t<div class=\"elementor-widget-container\">\n\t\t\t\t\t<h2 class=\"elementor-heading-title elementor-size-default\">FOR\u00c7A AMBIENTAL<\/h2>\t\t\t\t<\/div>\n\t\t\t\t<\/div>\n\t\t\t\t<div class=\"elementor-element elementor-element-5b957a7 elementor-widget elementor-widget-heading\" data-id=\"5b957a7\" data-element_type=\"widget\" data-e-type=\"widget\" data-widget_type=\"heading.default\">\n\t\t\t\t<div class=\"elementor-widget-container\">\n\t\t\t\t\t<h2 class=\"elementor-heading-title elementor-size-default\">Treinamento e Capacita\u00e7\u00e3o<\/h2>\t\t\t\t<\/div>\n\t\t\t\t<\/div>\n\t\t\t\t<div class=\"elementor-element elementor-element-ded75e5 elementor-widget elementor-widget-text-editor\" data-id=\"ded75e5\" data-element_type=\"widget\" data-e-type=\"widget\" data-widget_type=\"text-editor.default\">\n\t\t\t\t<div class=\"elementor-widget-container\">\n\t\t\t\t\t\t\t\t\t<p>Todos os Diretores e Colaboradores do GRUPO UNI\u00c3O NORTE receberam e continuar\u00e3o a receber treinamentos, com o objetivo de mant\u00ea-los atualizados sobre o Programa de Compliance e eventuais altera\u00e7\u00f5es legais ou normativas.<\/p><p><img fetchpriority=\"high\" decoding=\"async\" class=\"size-full wp-image-1233 alignleft\" src=\"https:\/\/forcaambiental.eco.br\/wp-content\/uploads\/2024\/02\/TREINAMENTO-E-CAPACITACAO-300x288-1.jpg\" alt=\"\" width=\"300\" height=\"288\" \/>Tais treinamentos t\u00eam por objetivo conscientizar os dirigentes e funcion\u00e1rios da import\u00e2ncia das diretrizes definidas pelo Programa e torn\u00e1-los aptos a difundir, dentre a todos os envolvidos, a ado\u00e7\u00e3o de posturas \u00e9ticas e \u00edntegras.<\/p><p>Dessa forma, todos estar\u00e3o envolvidos com as pol\u00edticas, mecanismos e procedimentos previstos pelo Programa, al\u00e9m de promover a conscientiza\u00e7\u00e3o sobre temas relevantes de integridade, como corrup\u00e7\u00e3o e fraude. Ocasi\u00e3o em que a alta dire\u00e7\u00e3o ressalta a import\u00e2ncia do cumprimento das pol\u00edticas e valores previstos no Programa, al\u00e9m de enfatizar a n\u00e3o toler\u00e2ncia quanto \u00e0 pr\u00e1tica de atos il\u00edcitos, especialmente aqueles lesivos \u00e0 administra\u00e7\u00e3o p\u00fablica.<\/p><p>Tamb\u00e9m nesse contexto, todos os Colaboradores, prestadores de servi\u00e7os e terceiros envolvidos s\u00e3o treinados e informados do conte\u00fado do C\u00f3digo de \u00c9tica e Conduta e demais documentos que tratem das pol\u00edticas de integridade previstas no Programa.<\/p><p>Para tanto, \u00e9 entregue uma via f\u00edsica do C\u00f3digo de \u00c9tica e Conduta a todos os Colaboradores do GRUPO, sendo exigida a assinatura de um termo de recebimento, compromisso e conhecimento do material pelos mesmos. Al\u00e9m disso, todos os documentos informativos e consultivos s\u00e3o encaminhados por e-mail aos empregados que dispuserem de endere\u00e7o eletr\u00f4nico.<\/p><p>Ficando ainda, uma via f\u00edsica do C\u00f3digo de \u00c9tica e Conduta dispon\u00edvel, em local de f\u00e1cil acesso, em todos os ambientes em que os empregados do GRUPO desempenhem atividades, al\u00e9m de sua disponibilidade do site das empresas do GRUPO UNI\u00c3O NORTE.<\/p><p>O setor de compliance divulga constantemente, informa\u00e7\u00f5es relacionadas \u00e0 integridade de suas atividades atrav\u00e9s de cartazes e e-mails, como forma de garantir o conhecimento de todos os seus Colaboradores quanto ao funcionamento do Programa de Compliance, em especial quanto \u00e0 possibilidade de compartilhamento de informa\u00e7\u00f5es sobre atividades suspeitas atrav\u00e9s dos canais de den\u00fancia.<\/p><p>Por fim, s\u00e3o oferecidos, anualmente, treinamentos a todos os Colaboradores e dirigentes do GRUPO sobre as pol\u00edticas e valores propostos pelo Programa de Compliance de forma a elucidar as condutas esperadas daqueles que trabalham em suas Empresas, especialmente de n\u00e3o toler\u00e2ncia a atos de corrup\u00e7\u00e3o e fraude \u00e0 licita\u00e7\u00e3o.<\/p>\t\t\t\t\t\t\t\t<\/div>\n\t\t\t\t<\/div>\n\t\t\t\t\t<\/div>\n\t\t<\/div>\n\t\t\t\t\t<\/div>\n\t\t<\/section>\n\t\t\t\t<section class=\"elementor-section elementor-top-section elementor-element elementor-element-934d783 elementor-section-boxed elementor-section-height-default elementor-section-height-default wpr-particle-no wpr-jarallax-no wpr-parallax-no wpr-sticky-section-no wpr-column-slider-no wpr-equal-height-no\" data-id=\"934d783\" data-element_type=\"section\" data-e-type=\"section\" data-settings=\"{&quot;background_background&quot;:&quot;gradient&quot;}\">\n\t\t\t\t\t\t\t<div class=\"elementor-background-overlay\"><\/div>\n\t\t\t\t\t\t\t<div class=\"elementor-container elementor-column-gap-wide\">\n\t\t\t\t\t<div class=\"elementor-column elementor-col-100 elementor-top-column elementor-element elementor-element-724861f\" data-id=\"724861f\" data-element_type=\"column\" data-e-type=\"column\" data-settings=\"{&quot;background_background&quot;:&quot;classic&quot;}\">\n\t\t\t<div class=\"elementor-widget-wrap elementor-element-populated\">\n\t\t\t\t\t\t<section class=\"elementor-section elementor-inner-section elementor-element elementor-element-99b64cf elementor-section-boxed elementor-section-height-default elementor-section-height-default wpr-particle-no wpr-jarallax-no wpr-parallax-no wpr-sticky-section-no wpr-column-slider-no wpr-equal-height-no\" data-id=\"99b64cf\" data-element_type=\"section\" data-e-type=\"section\">\n\t\t\t\t\t\t<div class=\"elementor-container elementor-column-gap-wide\">\n\t\t\t\t\t<div class=\"elementor-column elementor-col-50 elementor-inner-column elementor-element elementor-element-3529bdb\" data-id=\"3529bdb\" data-element_type=\"column\" data-e-type=\"column\">\n\t\t\t<div class=\"elementor-widget-wrap elementor-element-populated\">\n\t\t\t\t\t\t<div class=\"elementor-element elementor-element-5ab4d3e elementor-widget elementor-widget-heading\" data-id=\"5ab4d3e\" data-element_type=\"widget\" data-e-type=\"widget\" data-widget_type=\"heading.default\">\n\t\t\t\t<div class=\"elementor-widget-container\">\n\t\t\t\t\t<h2 class=\"elementor-heading-title elementor-size-default\">Fale Conosco<\/h2>\t\t\t\t<\/div>\n\t\t\t\t<\/div>\n\t\t\t\t<div class=\"elementor-element elementor-element-6adc300 elementor-widget elementor-widget-text-editor\" data-id=\"6adc300\" data-element_type=\"widget\" data-e-type=\"widget\" data-widget_type=\"text-editor.default\">\n\t\t\t\t<div class=\"elementor-widget-container\">\n\t\t\t\t\t\t\t\t\t<p>Seus dados estar\u00e3o seguros e rapidamente entraremos em contato com voc\u00ea, preencha seus dados ou fale diretamente conosco atrav\u00e9s de nossos canais.<\/p>\t\t\t\t\t\t\t\t<\/div>\n\t\t\t\t<\/div>\n\t\t\t\t<div class=\"elementor-element elementor-element-67ab92a elementor-position-inline-start elementor-view-default elementor-mobile-position-block-start elementor-invisible elementor-widget elementor-widget-icon-box\" data-id=\"67ab92a\" data-element_type=\"widget\" data-e-type=\"widget\" data-settings=\"{&quot;_animation&quot;:&quot;zoomIn&quot;}\" data-widget_type=\"icon-box.default\">\n\t\t\t\t<div class=\"elementor-widget-container\">\n\t\t\t\t\t\t\t<div class=\"elementor-icon-box-wrapper\">\n\n\t\t\t\t\t\t<div class=\"elementor-icon-box-icon\">\n\t\t\t\t<a href=\"mailto:forca@forcaambiental.eco.br\" class=\"elementor-icon\" tabindex=\"-1\" aria-label=\"Email\">\n\t\t\t\t<svg aria-hidden=\"true\" class=\"e-font-icon-svg e-fas-envelope\" viewBox=\"0 0 512 512\" xmlns=\"http:\/\/www.w3.org\/2000\/svg\"><path d=\"M502.3 190.8c3.9-3.1 9.7-.2 9.7 4.7V400c0 26.5-21.5 48-48 48H48c-26.5 0-48-21.5-48-48V195.6c0-5 5.7-7.8 9.7-4.7 22.4 17.4 52.1 39.5 154.1 113.6 21.1 15.4 56.7 47.8 92.2 47.6 35.7.3 72-32.8 92.3-47.6 102-74.1 131.6-96.3 154-113.7zM256 320c23.2.4 56.6-29.2 73.4-41.4 132.7-96.3 142.8-104.7 173.4-128.7 5.8-4.5 9.2-11.5 9.2-18.9v-19c0-26.5-21.5-48-48-48H48C21.5 64 0 85.5 0 112v19c0 7.4 3.4 14.3 9.2 18.9 30.6 23.9 40.7 32.4 173.4 128.7 16.8 12.2 50.2 41.8 73.4 41.4z\"><\/path><\/svg>\t\t\t\t<\/a>\n\t\t\t<\/div>\n\t\t\t\n\t\t\t\t\t\t<div class=\"elementor-icon-box-content\">\n\n\t\t\t\t\t\t\t\t\t<h3 class=\"elementor-icon-box-title\">\n\t\t\t\t\t\t<a href=\"mailto:forca@forcaambiental.eco.br\" >\n\t\t\t\t\t\t\tEmail\t\t\t\t\t\t<\/a>\n\t\t\t\t\t<\/h3>\n\t\t\t\t\n\t\t\t\t\t\t\t\t\t<p class=\"elementor-icon-box-description\">\n\t\t\t\t\t\tforca@forcaambiental.eco.br\t\t\t\t\t<\/p>\n\t\t\t\t\n\t\t\t<\/div>\n\t\t\t\n\t\t<\/div>\n\t\t\t\t\t\t<\/div>\n\t\t\t\t<\/div>\n\t\t\t\t<div class=\"elementor-element elementor-element-b1fc577 elementor-position-inline-start elementor-view-default elementor-mobile-position-block-start elementor-invisible elementor-widget elementor-widget-icon-box\" data-id=\"b1fc577\" data-element_type=\"widget\" data-e-type=\"widget\" data-settings=\"{&quot;_animation&quot;:&quot;zoomIn&quot;}\" data-widget_type=\"icon-box.default\">\n\t\t\t\t<div class=\"elementor-widget-container\">\n\t\t\t\t\t\t\t<div class=\"elementor-icon-box-wrapper\">\n\n\t\t\t\t\t\t<div class=\"elementor-icon-box-icon\">\n\t\t\t\t<span  class=\"elementor-icon\">\n\t\t\t\t<svg aria-hidden=\"true\" class=\"e-font-icon-svg e-fas-phone-alt\" viewBox=\"0 0 512 512\" xmlns=\"http:\/\/www.w3.org\/2000\/svg\"><path d=\"M497.39 361.8l-112-48a24 24 0 0 0-28 6.9l-49.6 60.6A370.66 370.66 0 0 1 130.6 204.11l60.6-49.6a23.94 23.94 0 0 0 6.9-28l-48-112A24.16 24.16 0 0 0 122.6.61l-104 24A24 24 0 0 0 0 48c0 256.5 207.9 464 464 464a24 24 0 0 0 23.4-18.6l24-104a24.29 24.29 0 0 0-14.01-27.6z\"><\/path><\/svg>\t\t\t\t<\/span>\n\t\t\t<\/div>\n\t\t\t\n\t\t\t\t\t\t<div class=\"elementor-icon-box-content\">\n\n\t\t\t\t\t\t\t\t\t<h3 class=\"elementor-icon-box-title\">\n\t\t\t\t\t\t<span  >\n\t\t\t\t\t\t\tTelefone\t\t\t\t\t\t<\/span>\n\t\t\t\t\t<\/h3>\n\t\t\t\t\n\t\t\t\t\t\t\t\t\t<p class=\"elementor-icon-box-description\">\n\t\t\t\t\t\tRio de Janeiro: (21) 2212-3100\t\t\t\t\t<\/p>\n\t\t\t\t\n\t\t\t<\/div>\n\t\t\t\n\t\t<\/div>\n\t\t\t\t\t\t<\/div>\n\t\t\t\t<\/div>\n\t\t\t\t<div class=\"elementor-element elementor-element-e2aaca6 elementor-position-inline-start elementor-view-default elementor-mobile-position-block-start elementor-invisible elementor-widget elementor-widget-icon-box\" data-id=\"e2aaca6\" data-element_type=\"widget\" data-e-type=\"widget\" data-settings=\"{&quot;_animation&quot;:&quot;zoomIn&quot;}\" data-widget_type=\"icon-box.default\">\n\t\t\t\t<div class=\"elementor-widget-container\">\n\t\t\t\t\t\t\t<div class=\"elementor-icon-box-wrapper\">\n\n\t\t\t\t\t\t<div class=\"elementor-icon-box-icon\">\n\t\t\t\t<span  class=\"elementor-icon\">\n\t\t\t\t<svg aria-hidden=\"true\" class=\"e-font-icon-svg e-fas-map-marker-alt\" viewBox=\"0 0 384 512\" xmlns=\"http:\/\/www.w3.org\/2000\/svg\"><path d=\"M172.268 501.67C26.97 291.031 0 269.413 0 192 0 85.961 85.961 0 192 0s192 85.961 192 192c0 77.413-26.97 99.031-172.268 309.67-9.535 13.774-29.93 13.773-39.464 0zM192 272c44.183 0 80-35.817 80-80s-35.817-80-80-80-80 35.817-80 80 35.817 80 80 80z\"><\/path><\/svg>\t\t\t\t<\/span>\n\t\t\t<\/div>\n\t\t\t\n\t\t\t\t\t\t<div class=\"elementor-icon-box-content\">\n\n\t\t\t\t\t\t\t\t\t<h3 class=\"elementor-icon-box-title\">\n\t\t\t\t\t\t<span  >\n\t\t\t\t\t\t\tEndere\u00e7os:\t\t\t\t\t\t<\/span>\n\t\t\t\t\t<\/h3>\n\t\t\t\t\n\t\t\t\t\t\t\t\t\t<p class=\"elementor-icon-box-description\">\n\t\t\t\t\t\tMatriz: Rua Mar\u00edlia Peixoto de Aquino, 01. Centro - S\u00e3o Jo\u00e3o da Barra - RJ\n<br>\n<br>\nFilial: Rio de Janeiro - Rua da Assembleia, 66 \/ 10\u00ba andar. Centro, Rio de Janeiro, RJ. CEP: 20011-000\t\t\t\t\t<\/p>\n\t\t\t\t\n\t\t\t<\/div>\n\t\t\t\n\t\t<\/div>\n\t\t\t\t\t\t<\/div>\n\t\t\t\t<\/div>\n\t\t\t\t\t<\/div>\n\t\t<\/div>\n\t\t\t\t<div class=\"elementor-column elementor-col-50 elementor-inner-column elementor-element elementor-element-34881ac\" data-id=\"34881ac\" data-element_type=\"column\" data-e-type=\"column\">\n\t\t\t<div class=\"elementor-widget-wrap elementor-element-populated\">\n\t\t\t\t\t\t<div class=\"elementor-element elementor-element-9afd1c9 elementor-widget elementor-widget-heading\" data-id=\"9afd1c9\" data-element_type=\"widget\" data-e-type=\"widget\" data-widget_type=\"heading.default\">\n\t\t\t\t<div class=\"elementor-widget-container\">\n\t\t\t\t\t<h2 class=\"elementor-heading-title elementor-size-default\">Preencha Corretamente<br>Seus Dados<\/h2>\t\t\t\t<\/div>\n\t\t\t\t<\/div>\n\t\t\t\t<div class=\"elementor-element elementor-element-37c9a93 elementor-button-align-stretch elementor-widget elementor-widget-form\" data-id=\"37c9a93\" data-element_type=\"widget\" data-e-type=\"widget\" data-settings=\"{&quot;step_next_label&quot;:&quot;Next&quot;,&quot;step_previous_label&quot;:&quot;Previous&quot;,&quot;button_width&quot;:&quot;100&quot;,&quot;step_type&quot;:&quot;number_text&quot;,&quot;step_icon_shape&quot;:&quot;circle&quot;}\" data-widget_type=\"form.default\">\n\t\t\t\t<div class=\"elementor-widget-container\">\n\t\t\t\t\t\t\t<form class=\"elementor-form\" method=\"post\" name=\"New Form\" aria-label=\"New Form\">\n\t\t\t<input type=\"hidden\" name=\"post_id\" value=\"1229\"\/>\n\t\t\t<input type=\"hidden\" name=\"form_id\" value=\"37c9a93\"\/>\n\t\t\t<input type=\"hidden\" name=\"referer_title\" value=\"Treinamento e Capacita\u00e7\u00e3o\" \/>\n\n\t\t\t\t\t\t\t<input type=\"hidden\" name=\"queried_id\" value=\"1229\"\/>\n\t\t\t\n\t\t\t<div class=\"elementor-form-fields-wrapper elementor-labels-above\">\n\t\t\t\t\t\t\t\t<div class=\"elementor-field-type-text elementor-field-group elementor-column elementor-field-group-name elementor-col-100\">\n\t\t\t\t\t\t\t\t\t\t\t\t\t<input size=\"1\" type=\"text\" name=\"form_fields[name]\" id=\"form-field-name\" class=\"elementor-field elementor-size-sm  elementor-field-textual\" placeholder=\"Nome\">\n\t\t\t\t\t\t\t\t\t\t\t<\/div>\n\t\t\t\t\t\t\t\t<div class=\"elementor-field-type-email elementor-field-group elementor-column elementor-field-group-email elementor-col-100 elementor-field-required elementor-mark-required\">\n\t\t\t\t\t\t\t\t\t\t\t\t\t<input size=\"1\" type=\"email\" name=\"form_fields[email]\" id=\"form-field-email\" class=\"elementor-field elementor-size-sm  elementor-field-textual\" placeholder=\"Email\" required=\"required\">\n\t\t\t\t\t\t\t\t\t\t\t<\/div>\n\t\t\t\t\t\t\t\t<div class=\"elementor-field-type-textarea elementor-field-group elementor-column elementor-field-group-message elementor-col-100\">\n\t\t\t\t\t<textarea class=\"elementor-field-textual elementor-field  elementor-size-sm\" name=\"form_fields[message]\" id=\"form-field-message\" rows=\"4\" placeholder=\"Mensagem\"><\/textarea>\t\t\t\t<\/div>\n\t\t\t\t\t\t\t\t<div class=\"elementor-field-type-html elementor-field-group elementor-column elementor-field-group-field_1756bc6 elementor-col-100\">\n\t\t\t\t\t<label style=\"display:block;line-height:1.5\">\n  <input type=\"checkbox\" required>\n  Li e aceito os termos da \n  <a href=\"https:\/\/forcaambiental.eco.br\/index.php\/lgpd\/\" target=\"_blank\" rel=\"noopener noreferrer\" style=\"color: black;\">\n    Pol\u00edtica de Privacidade\n  <\/a>.\n<\/label>\n\t\t\t\t<\/div>\n\t\t\t\t\t\t\t\t<div class=\"elementor-field-group elementor-column elementor-field-type-submit elementor-col-100 e-form__buttons\">\n\t\t\t\t\t<button class=\"elementor-button elementor-size-md\" type=\"submit\">\n\t\t\t\t\t\t<span class=\"elementor-button-content-wrapper\">\n\t\t\t\t\t\t\t\t\t\t\t\t\t\t\t\t\t\t\t\t\t\t<span class=\"elementor-button-text\">Enviar<\/span>\n\t\t\t\t\t\t\t\t\t\t\t\t\t<\/span>\n\t\t\t\t\t<\/button>\n\t\t\t\t<\/div>\n\t\t\t<\/div>\n\t\t<\/form>\n\t\t\t\t\t\t<\/div>\n\t\t\t\t<\/div>\n\t\t\t\t\t<\/div>\n\t\t<\/div>\n\t\t\t\t\t<\/div>\n\t\t<\/section>\n\t\t\t\t\t<\/div>\n\t\t<\/div>\n\t\t\t\t\t<\/div>\n\t\t<\/section>\n\t\t\t\t<\/div>\n\t\t","protected":false},"excerpt":{"rendered":"<p>Treinamento e Capacita\u00e7\u00e3o FOR\u00c7A AMBIENTAL Treinamento e Capacita\u00e7\u00e3o Todos os Diretores e Colaboradores do GRUPO UNI\u00c3O NORTE receberam e continuar\u00e3o a receber treinamentos, com o objetivo de mant\u00ea-los atualizados sobre o Programa de Compliance e eventuais altera\u00e7\u00f5es legais ou normativas. Tais treinamentos t\u00eam por objetivo conscientizar os dirigentes e funcion\u00e1rios da import\u00e2ncia das diretrizes definidas pelo Programa e torn\u00e1-los aptos a difundir, dentre a todos os envolvidos, a ado\u00e7\u00e3o de posturas \u00e9ticas e \u00edntegras. Dessa forma, todos estar\u00e3o envolvidos com as pol\u00edticas, mecanismos e procedimentos previstos pelo Programa, al\u00e9m de promover a conscientiza\u00e7\u00e3o sobre temas relevantes de integridade, como corrup\u00e7\u00e3o e fraude. Ocasi\u00e3o em que a alta dire\u00e7\u00e3o ressalta a import\u00e2ncia do cumprimento das pol\u00edticas e valores previstos no Programa, al\u00e9m de enfatizar a n\u00e3o toler\u00e2ncia quanto \u00e0 pr\u00e1tica de atos il\u00edcitos, especialmente aqueles lesivos \u00e0 administra\u00e7\u00e3o p\u00fablica. Tamb\u00e9m nesse contexto, todos os Colaboradores, prestadores de servi\u00e7os e terceiros envolvidos s\u00e3o treinados e informados do conte\u00fado do C\u00f3digo de \u00c9tica e Conduta e demais documentos que tratem das pol\u00edticas de integridade previstas no Programa. Para tanto, \u00e9 entregue uma via f\u00edsica do C\u00f3digo de \u00c9tica e Conduta a todos os Colaboradores do GRUPO, sendo exigida a assinatura de um termo de recebimento, compromisso e conhecimento do material pelos mesmos. Al\u00e9m disso, todos os documentos informativos e consultivos s\u00e3o encaminhados por e-mail aos empregados que dispuserem de endere\u00e7o eletr\u00f4nico. Ficando ainda, uma via f\u00edsica do C\u00f3digo de \u00c9tica e Conduta dispon\u00edvel, em local de f\u00e1cil acesso, em todos os ambientes em que os empregados do GRUPO desempenhem atividades, al\u00e9m de sua disponibilidade do site das empresas do GRUPO UNI\u00c3O NORTE. O setor de compliance divulga constantemente, informa\u00e7\u00f5es relacionadas \u00e0 integridade de suas atividades atrav\u00e9s de cartazes e e-mails, como forma de garantir o conhecimento de todos os seus Colaboradores quanto ao funcionamento do Programa de Compliance, em especial quanto \u00e0 possibilidade de compartilhamento de informa\u00e7\u00f5es sobre atividades suspeitas atrav\u00e9s dos canais de den\u00fancia. Por fim, s\u00e3o oferecidos, anualmente, treinamentos a todos os Colaboradores e dirigentes do GRUPO sobre as pol\u00edticas e valores propostos pelo Programa de Compliance de forma a elucidar as condutas esperadas daqueles que trabalham em suas Empresas, especialmente de n\u00e3o toler\u00e2ncia a atos de corrup\u00e7\u00e3o e fraude \u00e0 licita\u00e7\u00e3o. Fale Conosco Seus dados estar\u00e3o seguros e rapidamente entraremos em contato com voc\u00ea, preencha seus dados ou fale diretamente conosco atrav\u00e9s de nossos canais. Email forca@forcaambiental.eco.br Telefone Rio de Janeiro: (21) 2212-3100 Endere\u00e7os: Matriz: Rua Mar\u00edlia Peixoto de Aquino, 01. Centro &#8211; S\u00e3o Jo\u00e3o da Barra &#8211; RJ Filial: Rio de Janeiro &#8211; Rua da Assembleia, 66 \/ 10\u00ba andar. Centro, Rio de Janeiro, RJ. CEP: 20011-000 Preencha CorretamenteSeus Dados<\/p>\n","protected":false},"author":3,"featured_media":0,"parent":0,"menu_order":0,"comment_status":"closed","ping_status":"closed","template":"elementor_canvas","meta":{"site-sidebar-layout":"default","site-content-layout":"","ast-site-content-layout":"default","site-content-style":"default","site-sidebar-style":"default","ast-global-header-display":"","ast-banner-title-visibility":"","ast-main-header-display":"","ast-hfb-above-header-display":"","ast-hfb-below-header-display":"","ast-hfb-mobile-header-display":"","site-post-title":"","ast-breadcrumbs-content":"","ast-featured-img":"","footer-sml-layout":"","theme-transparent-header-meta":"","adv-header-id-meta":"","stick-header-meta":"","header-above-stick-meta":"","header-main-stick-meta":"","header-below-stick-meta":"","astra-migrate-meta-layouts":"default","ast-page-background-enabled":"default","ast-page-background-meta":{"desktop":{"background-color":"var(--ast-global-color-5)","background-image":"","background-repeat":"repeat","background-position":"center center","background-size":"auto","background-attachment":"scroll","background-type":"","background-media":"","overlay-type":"","overlay-color":"","overlay-opacity":"","overlay-gradient":""},"tablet":{"background-color":"","background-image":"","background-repeat":"repeat","background-position":"center center","background-size":"auto","background-attachment":"scroll","background-type":"","background-media":"","overlay-type":"","overlay-color":"","overlay-opacity":"","overlay-gradient":""},"mobile":{"background-color":"","background-image":"","background-repeat":"repeat","background-position":"center center","background-size":"auto","background-attachment":"scroll","background-type":"","background-media":"","overlay-type":"","overlay-color":"","overlay-opacity":"","overlay-gradient":""}},"ast-content-background-meta":{"desktop":{"background-color":"var(--ast-global-color-4)","background-image":"","background-repeat":"repeat","background-position":"center center","background-size":"auto","background-attachment":"scroll","background-type":"","background-media":"","overlay-type":"","overlay-color":"","overlay-opacity":"","overlay-gradient":""},"tablet":{"background-color":"var(--ast-global-color-4)","background-image":"","background-repeat":"repeat","background-position":"center center","background-size":"auto","background-attachment":"scroll","background-type":"","background-media":"","overlay-type":"","overlay-color":"","overlay-opacity":"","overlay-gradient":""},"mobile":{"background-color":"var(--ast-global-color-4)","background-image":"","background-repeat":"repeat","background-position":"center center","background-size":"auto","background-attachment":"scroll","background-type":"","background-media":"","overlay-type":"","overlay-color":"","overlay-opacity":"","overlay-gradient":""}},"footnotes":""},"class_list":["post-1229","page","type-page","status-publish","hentry"],"_links":{"self":[{"href":"https:\/\/forcaambiental.eco.br\/index.php\/wp-json\/wp\/v2\/pages\/1229","targetHints":{"allow":["GET"]}}],"collection":[{"href":"https:\/\/forcaambiental.eco.br\/index.php\/wp-json\/wp\/v2\/pages"}],"about":[{"href":"https:\/\/forcaambiental.eco.br\/index.php\/wp-json\/wp\/v2\/types\/page"}],"author":[{"embeddable":true,"href":"https:\/\/forcaambiental.eco.br\/index.php\/wp-json\/wp\/v2\/users\/3"}],"replies":[{"embeddable":true,"href":"https:\/\/forcaambiental.eco.br\/index.php\/wp-json\/wp\/v2\/comments?post=1229"}],"version-history":[{"count":16,"href":"https:\/\/forcaambiental.eco.br\/index.php\/wp-json\/wp\/v2\/pages\/1229\/revisions"}],"predecessor-version":[{"id":1478,"href":"https:\/\/forcaambiental.eco.br\/index.php\/wp-json\/wp\/v2\/pages\/1229\/revisions\/1478"}],"wp:attachment":[{"href":"https:\/\/forcaambiental.eco.br\/index.php\/wp-json\/wp\/v2\/media?parent=1229"}],"curies":[{"name":"wp","href":"https:\/\/api.w.org\/{rel}","templated":true}]}}